1 prime?
True
Is 4127 a composite number?
False
Is 72869 composite?
False
Is 67835 a composite number?
True
Is 5953 a prime number?
True
Is 16871 a prime number?
True
Is 6805 a composite number?
True
Is 455911 a composite number?
True
Is 758923 composite?
True
Is 2511241 a composite number?
False
Is 6421 a composite number?
False
Is 1494287 prime?
False
Is 8453 composite?
True
Is 15053 prime?
True
Is 12723 prime?
False
Is 49222 composite?
True
Is 15821 composite?
True
Is 117203 prime?
True
Is 3697 prime?
True
Is 21389 a prime number?
False
Is 88211 prime?
True
Is 264685 a composite number?
True
Is 1692043 composite?
False
Is 907 a composite number?
False
Is 800399 a composite number?
False
Is 77069 a composite number?
False
Is 3101 a composite number?
True
Is 3643 a prime number?
True
Is 47711 composite?
False
Is 335009 a composite number?
False
Is 295 prime?
False
Is 1357333 composite?
False
Is 26309 a prime number?
True
Is 518387 composite?
False
Is 2579 prime?
True
Is 29242 a prime number?
False
Is 23483 a composite number?
True
Is 25439 composite?
False
Is 133247 composite?
True
Is 14401 composite?
False
Is 25079 a prime number?
False
Is 3951635 a composite number?
True
Is 7751 a composite number?
True
Is 1662567 composite?
True
Is 1003 composite?
True
Is 657137 prime?
False
Is 104257 composite?
True
Is 3389 a prime number?
True
Is 694747 a prime number?
True
Is 145349 prime?
True
Is 2127 a composite number?
True
Is 229139 a composite number?
False
Is 353 composite?
False
Is 1431623 a prime number?
False
Is 1453759 a composite number?
False
Is 87293 composite?
False
Is 112555 prime?
False
Is 979739 a composite number?
True
Is 406797 prime?
False
Is 66841 composite?
False
Is 80099 composite?
True
Is 133769 prime?
True
Is 63743 prime?
True
Is 62285 composite?
True
Is 4037 composite?
True
Is 483929 a composite number?
False
Is 149671 composite?
True
Is 102359 composite?
False
Is 13033 prime?
True
Is 389849 composite?
False
Is 74069 a composite number?
True
Is 2579 composite?
False
Is 431 prime?
True
Is 149803 a prime number?
True
Is 1801 composite?
False
Is 88919 a prime number?
True
Is 316583 a composite number?
False
Is 15859 a prime number?
True
Is 646403 a composite number?
False
Is 2212069 composite?
False
Is 4541 prime?
False
Is 33049 a composite number?
False
Is 611 a composite number?
True
Is 12055 composite?
True
Is 556967 composite?
False
Is 800113 a composite number?
False
Is 12881 a prime number?
False
Is 27509 composite?
False
Is 9743 a composite number?
False
Is 161717 composite?
False
Is 271 a prime number?
True
Is 108161 a prime number?
True
Is 106885 prime?
False
Is 518387 prime?
True
Is 7331 a composite number?
False
Is 6119 a composite number?
True
Is 13649 a composite number?
False
Is 52289 prime?
True
Is 10202063 composite?
False
Is 132397 composite?
True
Is 373 a prime number?
True
Is 7394 a composite number?
True
Is 443603 a composite number?
False
Is 159977 a composite number?
False
Is 81409 composite?
False
Is 18481 a composite number?
False
Is 46829 a composite number?
False
Is 468239 prime?
True
Is 185971 composite?
False
Is 7817 composite?
False
Is 42221 a prime number?
True
Is 32677 a composite number?
True
Is 205655 a prime number?
False
Is 618913 composite?
False
Is 240693 composite?
True
Is 63029 a composite number?
False
Is 16707 prime?
False
Is 2926003 prime?
True
Is 3643 prime?
True
Is 50965 composite?
True
Is 740651 prime?
True
Is 26797 a prime number?
False
Is 5435 a composite number?
True
Is 961773 prime?
False
Is 54797 prime?
False
Is 28117 prime?
False
Is 13577 prime?
True
Is 61615 a prime number?
False
Is 8887 prime?
True
Is 161869 composite?
False
Is 48595 prime?
False
Is 72601 composite?
True
Is 722611 a composite number?
False
Is 3761 prime?
True
Is 58129 prime?
True
Is 217454 prime?
False
Is 283447 a prime number?
True
Is 3398 a prime number?
False
Is 21269 a composite number?
False
Is 61357 composite?
False
Is 5389 prime?
False
Is 22171 a composite number?
False
Is 19777 composite?
False
Is 1673 a composite number?
True
Is 1943 composite?
True
Is 17443 prime?
True
Is 14591 composite?
False
Is 52033 a composite number?
True
Is 2721671 prime?
True
Is 253 a prime number?
False
Is 1217 a prime number?
True
Is 28739 prime?
False
Is 2448311 a composite number?
False
Is 11181 a composite number?
True
Is 75011 a composite number?
False
Is 280793 composite?
True
Is 453899 a prime number?
False
Is 5381 a composite number?
False
Is 2611 a prime number?
False
Is 237371 a prime number?
False
Is 3000491 a composite number?
True
Is 33817 a prime number?
False
Is 2922719 a prime number?
False
Is 345089 prime?
True
Is 12419 a composite number?
True
Is 46439 a prime number?
True
Is 12661 composite?
True
Is 28277 a composite number?
False
Is 272093 a prime number?
True
Is 98647 prime?
False
Is 257515 composite?
True
Is 17551 a composite number?
False
Is 321041 composite?
True
Is 379 a composite number?
False
Is 729713 prime?
True
Is 483011 composite?
True
Is 7753 composite?
False
Is 124441 a prime number?
False
Is 23869 composite?
False
Is 6982901 a prime number?
True
Is 797 prime?
True
Is 41186 prime?
False
Is 48674 composite?
True
Is 140111 composite?
False
Is 588427 composite?
True
Is 4571 a prime number?
False
Is 9287 a composite number?
True
Is 10061 a composite number?
False
Is 116455 prime?
False
Is 677587 a prime number?
True
Is 28907 composite?
True
Is 70991 prime?
True
Is 49103 a prime number?
True
Is 1097 prime?
True
Is 1191 prime?
False
Is 197453 a composite number?
False
Is 169399 a composite number?
False
Is 2767 a composite number?
False
Is 678517 a composite number?
True
Is 1023697 a composite number?
False
Is 52993 a composite number?
True
Is 749129 composite?
False
Is 7711 prime?
False
Is 286199 composite?
False
Is 18899 a prime number?
True
Is 439217 a composite number?
False
Is 27059 a composite number?
False
Is 108331 a prime number?
False
Is 7405 a prime number?
False
Is 19571 composite?
False
Is 2503 a prime number?
True
Is 333149 a composite number?
True
Is 68587 composite?
True
Is 20477 composite?
False
Is 3247 composite?
True
Is 2813 prime?
False
Is 13709 a composite number?
False
Is 90607 composite?
True
Is 48061 a prime number?
False
Is 571303 a composite number?
False
Is 243235 a prime number?
False
Is 735263 a prime number?
True
Is 68239 a composite number?
False
Is 36761 composite?
False
Is 679435 composite?
True
Is 39367 a prime number?
True
Is 343583 composite?
False
Is 13957 prime?
False
Is 19693 a composite number?
True
Is 54137 prime?
False
Is 56641 prime?
False
Is 624877 a prime number?
False
Is 20537 prime?
False
Is 12058 composite?
True
Is 54122 prime?
False
Is 215993 composite?
True
Is 277921 composite?
True
Is 763817 prime?
False
Is 385453 composite?
True
Is 2095 composite?
True
Is 1222937 composite?
True
Is 5847 a prime number?
False
Is 414281 prime?
False
Is 261959 prime?
True
Is 89839 composite?
False
Is 6421 a prime number?
True
Is 2927 prime?
True
Is 71191 a composite number?
False
Is 251033 prime?
True
Is 1379 composite?
True
Is 233 a composite number?
False
Is 661381 a prime number?
False
Is 1637 composite?
False
Is 1243717 a prime number?
True
Is 940259 prime?
True
Is 1137 prime?
False
Is 101677 a prime number?
False
Is 3967 prime?
True
Is 222013 a composite number?
True
Is 16963 prime?
True
Is 10786 prime?
False
Is 3659 prime?
True
Is 91493 composite?
False
Is 3155 prime?
False
Is 188609 composite?
False
Is 26083 composite?
False
Is 8083 prime?
False
Is 18587 prime?
True
Is 22303 a prime number?
True
Is 425329 a prime number?
True
Is 13261 composite?
True
Is 1839971 a prime number?
False
Is 338038 prime?
False
Is 563593 a prime number?
True
Is 9577 prime?
False
Is 332837 a composite number?
False
Is 30577 a prime number?
True
Is 505623 a composite number?
True
Is 3271 composite?
False
Is 10942 a prime number?
False
Is 22501 a prime number?
True
Is 62627 composite?
False
Is 53731 prime?
True
Is 3562967 composite?
False
Is 1523063 prime?
True
Is 406339 composite?
False
Is 1931 composite?
False
Is 4319 a composite number?
True
Is 297793 prime?
True
Is 2153 composite?
False
Is 34829 prime?
False
Is 97073 composite?
False
Is 112003 a composite number?
True
Is 9239 a 